n(v). List the prime factors of w(-10).
2, 3
Suppose 4*a = -0*a + 16. Suppose 0 = -4*d + 2*d + a, -3*d + 30 = 2*o. List the prime factors of o.
2, 3
Let s(w) be the second derivative of -w**5/20 + 3*w**4/4 - w**3 + 11*w**2/2 + 4*w. What are the prime factors of s(8)?
3
Let c = 95 + 2. What are the prime factors of c?
97
Let u(d) = -4*d**3 + 2*d**2 - d + 6. What are the prime factors of u(-3)?
3, 5
List the prime factors of (1/4)/(8/2656).
83
Let v(i) = i**2 - 11*i + 13. Let x be v(10). Let b(g) = -g**2 + g + 13. Let d be b(0). Suppose 2 + d = -x*c, -5*y = c - 20. What are the prime factors of y?
5
Let q(w) = -w**3 + 11*w**2 - 9*w + 7. What are the prime factors of q(6)?
7, 19
Let x(q) = -q**3 - 4*q**2 + 5. Let j be x(-4). Let l(r) = -3*r + 6. Let v be l(j). List the prime factors of (-2 + v/(-6))*-6.
3
Suppose -2 = -3*p + 7, 3*q + 2*p = 27. Let a = q + -7. What are the prime factors of (4 - -5)*(a + 1)?
3
What are the prime factors of 84/(-30)*195/(-3)?
2, 7, 13
Let i(n) = 9*n**3 - n. Let h be i(1). Suppose 0 = 2*v - 7*v. Suppose -c + v*c + h = 0. What are the prime factors of c?
2
Let t = 11 + 9. Let n be (6/(-5))/(8/t). Let m(l) = -2*l + 3. What are the prime factors of m(n)?
3
Let m(i) = -i**2 - 4*i - 1. Let t be m(-2). Suppose -4*g - u = 57, 2*g - u + t*u + 24 = 0. What are the prime factors of g/(-9) - 1/(-3)?
2
Suppose -z + 5*p = -3*z + 7, 2*p + 14 = -5*z. Let t(y) = -y**3 - 5*y**2 - 6*y - 1. What are the prime factors of t(z)?
7
Suppose -4 = 2*j - 12. Suppose 47 = 2*y - 4*u + 17, -u = -j*y + 25. Suppose -1 - y = -b. List the prime factors of b.
2, 3
Let j be ((-7)/(-2) - 1)*-2. Let a = j + 1. List the prime factors of 2/a - (-18)/4.
2
Suppose -4*k + 2*g + 135 = -g, -2*g - 40 = -k. List the prime factors of k.
2, 3, 5
Let y = -23 + 32. Suppose 0*z + 6 = 3*z. Suppose -y = -z*n - 1. What are the prime factors of n?
2
Suppose 0 = -4*v + 3*j + 220, -4*v + 5*j = -246 + 26. List the prime factors of v.
5, 11
Let r(p) = -6*p + 11. Let f(i) = i - 2. Let x(a) = -33*f(a) - 6*r(a). Let d be x(-2). List the prime factors of (-58)/d + 3/9.
2, 5
What are the prime factors of (47 - 0) + 1*4?
3, 17
Suppose 2 = 2*o + 6, -5*o + 30 = 5*d. Suppose -13*v + d*v = -195. List the prime factors of v.
3, 13
Let p = 9 + -7. Let x = 22 + -2. Suppose 4*r + 4 = -4*b + x, -5*r = p*b + 7. List the prime factors of b.
3
Suppose -o - 16 = -4*z + 2*o, 0 = z + 5*o + 19. Let p(h) = 9*h + 1. What are the prime factors of p(z)?
2, 5
Let b = -11 - -10. Let f = 2 - b. What are the prime factors of f?
3
Let r(l) = 12*l - 3. Let c be r(3). Let b(i) = -i**3 + 4*i**2 - 6*i + 2. Let d be b(4). Let y = d + c. List the prime factors of y.
11
Let j = 53 - 74. Let q = -10 - j. Suppose 0 = 4*v - q - 41. List the prime factors of v.
13
Let g be 3/(3/(-12)*-6). Suppose -g*a + a - 3 = 0. List the prime factors of 20 - (-2 - a)/(-1).
3, 7
Suppose -4*o = 12 - 0. Let j be (o - -3)/((-2)/1). Suppose -4*u - 5*x + 35 = j, -2*u - 8*x = -4*x - 10. List the prime factors of u.
3, 5
Suppose -30 = g + 4*g + 4*p, -p - 13 = 4*g. Let n(a) = 0*a**2 + 0 - a**2 + 4*a**2 + 2 + 4*a. What are the prime factors of n(g)?
2, 3
Suppose d + 3*i - 14 = i, -d + 3*i = 11. Suppose -c = -d*c + 4*m - 10, -m = -5*c + 6. Suppose -c*b = -b - 8. What are the prime factors of b?
2
Let y(b) = b**2 - 11. What are the prime factors of y(8)?
53
Suppose 3*u + 62 = l, 3*l - 9 = -u + 187. What are the prime factors of l?
5, 13
Let o = 38 + -10. What are the prime factors of o?
2, 7
Suppose 151 = 6*d - 101. List the prime factors of d.
2, 3, 7
Let l = -1 + 6. Suppose -l*x + 26 = 6. Suppose -5*y = r + 4*r - 30, 21 = x*r + 3*y. What are the prime factors of r?
3
Suppose p - 6*p + 876 = -3*j, -5*j - 10 = 0. What are the prime factors of p?
2, 3, 29
Let r(p) = -p**2 + 4*p + 8. List the prime factors of r(4).
2
Suppose 3*a + 0*z - 5*z = 19, -5*z - 16 = -2*a. Let b(q) = 0 - 2 - q - 2 + a*q. What are the prime factors of b(7)?
2, 5
Let o = -11 + 4. Let l = 12 + o. Suppose -l*i = -44 + 4. List the prime factors of i.
2
Suppose 4*d - 78 = 2*d. List the prime factors of d.
3, 13
Let j be (36/14)/((-1)/(-7)). Suppose 0 = -3*s - 0*s + j. What are the prime factors of s?
2, 3
Let n be 3*(-6)/9 - -4. Suppose -n + 32 = 2*u. What are the prime factors of u?
3, 5
Suppose 0*w = -w + 78. List the prime factors of w.
2, 3, 13
Let q(s) = -33*s - 11. What are the prime factors of q(-3)?
2, 11
Let v(b) = b**3 - 11*b**2 - 9*b - 9. List the prime factors of v(12).
3
Suppose -s + 0*s + 360 = 0. Suppose 7*r = 2*r + s. Suppose 0 = 2*n - 6*n + r. What are the prime factors of n?
2, 3
Suppose 3*u = 4*n - 37, 3*n + 4*u = -12 + 71. What are the prime factors of n?
13
Let d(g) = -g**2 - 9*g - 2. Let j be d(-6). Let k = j - -3. List the prime factors of k.
19
Suppose 7 = 5*m - 28. Let j = 16 - m. Suppose b = 4*b - j. List the prime factors of b.
3
Let q = 15 - 11. Suppose 72 = q*f + 20. List the prime factors of f.
13
Let o be (-82)/10 - (-2)/10. Let y = o + 16. What are the prime factors of y?
2
Let l be ((-48)/40)/((-3)/(-10)). Let u = 1 - l. Suppose -u*z + 10 = 2*h, -z = 2*h - 12 - 6. List the prime factors of h.
2, 5
Suppose -i - 2*o = -0*o + 4, -3*i - 3*o = 0. Suppose 4*u = -i*g + 72, 3*g - g = -10. List the prime factors of u.
23
Suppose -p + 2*h - 4 = 0, p - 3*h + 6 = -2. Suppose 3*s = -p - 2. Let z = s + 5. List the prime factors of z.
3
Let l = -19 - 41. Let k = 37 + l. Let o = -13 - k. List the prime factors of o.
2, 5
Let a be (-2)/(-8) - (-14)/8. Suppose -a*b = -6*b + 28. List the prime factors of (-72)/(-7) + (-2)/b.
2, 5
Let z be 1/(1/2) + -1. Let s be (5/(-7) + -1)*-7. Let f = s + z. What are the prime factors of f?
13
Let x = -31 + 55. Suppose -3*i + 6*c = c - 26, -2*i = -5*c - x. What are the prime factors of i?
2
Let f = 18 - 14. What are the prime factors of f?
2
Let g(m) = -6*m + 3. List the prime factors of g(-7).
3, 5
Let q = 168 + -80. What are the prime factors of q?
2, 11
Let t(q) = 22*q**2 - 2*q + 1. Let j be t(1). Suppose -o - j = -4*o. List the prime factors of o.
7
Let u(b) = -18*b - 13. What are the prime factors of u(-5)?
7, 11
Suppose l - 2*t + 15 = 2*t, 3 = t. Let d(j) = j**3 + 4*j**2 - 1. List the prime factors of d(l).
2
Let n(z) = -z**2 - 3*z - 4. Let t be n(-3). What are the prime factors of (-98)/(-4) + 6/t?
23
Let u(r) = 2*r + 31. List the prime factors of u(10).
3, 17
Suppose -20 = -7*t + 2*t. Suppose -4*v - 5*s = 13, -5*v + 0*s - t*s - 5 = 0. Suppose -12 = v*p - 39. List the prime factors of p.
3
Let l = -11 - -14. Suppose -3*i - 39 = -l*n, i - 7 - 32 = -3*n. What are the prime factors of n?
13
Let j = 208 + -133. Suppose j = 4*z + z. List the prime factors of 159/z - 3/5.
2, 5
Let t be 8/1 - (0 + -1). Let p = 4 - 4. Suppose p = -0*y - y + t. What are the prime factors of y?
3
Let m be (-8)/12*(-15)/2. Suppose -2*y + 7*h - 2*h + 7 = 0, -m*y + 8 = -3*h. What are the prime factors of ((-2)/4)/(y/(-14))?
7
Let j be (-1 + 3 - 2)/2. Suppose -3*p - 2*p + 35 = j. List the prime factors of p.
7
Let t(z) = 2*z - 4. Let u(c) = -1. Let x(j) = -t(j) + 6*u(j). What are the prime factors of x(-6)?
2, 5
Suppose 6*r - 2*r - 848 = 0. Suppose r = 5*h + 4*z + 67, 0 = z - 5. List the prime factors of h.
5
Let y = 121 - 78. List the prime factors of y.
43
Let y(n) = 4*n**3 - 2*n**2 - n + 1. Let m(z) = -z**3 - 13*z**2 + 3. Let g be m(-13). Let s be (-15)/(-9)*3 - g. List the prime factors of y(s).
23
Let n(f) = f**2 - 1. Let p(b) = 7*b**2 + 3*b - 9. Let j(z) = -5*n(z) + p(z). Let c be j(-4). Let s = c - -6. List the prime factors of s.
2, 11
Let d be ((-240)/4)/((-1)/(-6)). Let r = d + 228. What are the prime factors of r/(-21) - (-2)/(-7)?
2, 3
Suppose 8 = 5*n - 42. List the prime factors of n.
2, 5
Suppose 7*f = 2*f. Suppose -4*i = 5*z - 12, f = 3*i + 2*i + z - 36. What are the prime factors of i?
2
Let z(f) = -5*f - 5. Let y be z(-6). Suppose g + 0*g = -5*q + 50, -5*q + y = -4*g. List the prime factors of q.
3
Let o(q) = q**3 + 4*q**2 + 4*q + 3. Let k be o(-4). Let h = 19 + k. What are the prime factors of h?
2, 3
Let m(k) = 12*k**2 - 2*k + 1. Let j be m(2). Suppose -3*n + j = 3. List the prime factors of n.
2, 7
Let t(s) = -s**3 - 2*s**2 + 15*s + 5. List the prime factors of t(-6).
59
Suppose 0 = g + 5*j - 30, g - 5*g + 2*j + 32 = 0. Let s